16*u - 2. Let r be n(15). Suppose 114 = -r*v + 16*v. What is the remainder when v is divided by 10?
8
Let i(x) = -x + 4. Suppose -2*d - 3*z = -4*z - 1, -d + z = -1. Suppose d = w + 7*w - 184. What is the remainder when w is divided by i(-4)?
7
Let m(a) be the second derivative of -1/20*a**5 + 4*a - 5/6*a**4 + 0 - 7/2*a**2 - 5/3*a**3. Calculate the remainder when 2 is divided by m(-9).
0
Let o(b) = -5*b - 21. Let k be o(-7). Suppose -v + 61 = k. What is the remainder when 90 is divided by v?
43
Let f(l) = 2*l**3 + 110*l**2 + 65. What is the remainder when 449 is divided by f(-55)?
59
Suppose 3 = -q - 2, 0 = -5*b - 3*q - 5. What is the remainder when (3/b)/((-3)/(-8)) is divided by (15 + -16)/(9/(-27))?
1
Let k(z) = -8*z**3 + 2*z**2 - 1. Let l be k(-1). Suppose 11*v - l*v - 150 = 0. What is the remainder when v is divided by 39?
36
Suppose w + 8*v - 11*v - 82 = 0, 4*w = -2*v + 384. What is the remainder when w is divided by (-4)/(-10) - (-68)/5?
10
Let g(h) = h**2 - 63*h - 168. Calculate the remainder when 336 is divided by g(66).
6
Let c(p) = -p**2 + 16*p - 25. Let r be 4/(-6)*((-18)/3 + -9). Calculate the remainder when 207 is divided by c(r).
32
Let m(o) = -8*o**2 + 69*o + 8. What is the remainder when m(3) is divided by 63?
17
Let z be -2 - -1 - (-470)/10. Suppose -40*c = -z*c + 72. Calculate the remainder when c is divided by 11.
1
Suppose 3*b + 51 = 15. Let r(q) = -q**2 - 16*q - 11. Calculate the remainder when r(b) is divided by (-45)/(-30)*40/3.
17
Let q(v) = -5*v**3 - 2 - v + 8*v - 10*v. Calculate the remainder when ((-5)/(-3) - -1)*3 is divided by q(-1).
2
Suppose 22*j = 31*j - 54. Calculate the remainder when 28 is divided by j.
4
Let o = 144 + -93. Let q(r) be the third derivative of 7*r**5/30 + r**4/24 - 8*r**2. What is the remainder when o is divided by q(-1)?
12
Let w(z) = -7*z - 2. Let u(d) = d**3 + 11*d**2 + d + 12. Let t be u(-11). Let x be w(t). What is the remainder when (-649)/x - 7/63 is divided by 37?
35
Let o(u) = -u**2 + 16*u - 6. Let j be o(16). What is the remainder when 19 is divided by (j/(-9) - (-112)/12)/1?
9
Suppose -5*g + 26 = -19. Suppose 3*l = -4*d + 35, -g + 22 = l + 2*d. Calculate the remainder when 29 is divided by 30/(-21)*(2 - l).
9
Suppose -4*z + 4*x = -484, -2*z + 132 = 2*x - 118. Let b(s) = -26*s - 1. What is the remainder when z is divided by b(-1)?
23
Let w = 187 - 14. What is the remainder when w is divided by 49 - 10/4*(-48)/(-30)?
38
Let f(d) = -8*d + 1. Let w(o) = o - 1. Let z(g) = -f(g) - 5*w(g). Let a be (38/95)/(-2*1/(-10)). Calculate the remainder when 39 is divided by z(a).
9
Let a = 14 + -12. Suppose 4*c - 125 = -5*y, a*y + 21 = 3*c - 44. Calculate the remainder when 73 is divided by c.
23
Suppose 4*l + 3*a = 51, -16 = -3*l + 4*l - 5*a. Suppose 2*u - 115 = -5*k, -9 = -3*u - 24. What is the remainder when k is divided by l?
7
Let x = -2533 + 2546. Suppose m = 2*m - 50. What is the remainder when m is divided by x?
11
Let s(k) = -9*k + 49. Let w = -28 - -42. What is the remainder when s(-2) is divided by w?
11
Let f(t) = t + 15. Let m be f(-15). Suppose 16 = 4*g - m. What is the remainder when 3/(-2)*(-11 + 5) is divided by g?
1
Let s(a) = -2*a + 19. Suppose 0 = -3*n + 9, -b = 4*b - n - 17. Calculate the remainder when 39 is divided by s(b).
6
Let l be 4/(-32) + (-41)/(-8). Suppose 0*f = 3*d + 2*f - 61, -49 = -3*d - l*f. Calculate the remainder when 87 is divided by d.
18
Suppose -2*d + 2*z = -38, 5*d + 2*z - 6 = 54. Calculate the remainder when 41 is divided by d.
13
Suppose 0 = -5*p + p + 24. What is the remainder when (4 - p - -51)/1 is divided by 17?
15
Let t(j) = j**3 - 7*j**2 + 6*j + 4. Let o be 69/15 - 4/(-10). Suppose -4*b - 6 = -o*b. What is the remainder when 11 is divided by t(b)?
3
Calculate the remainder when -6 + -1 + (-5 - (-330 - -5)) is divided by 16.
9
Suppose 4*n = 4*j - 96, -3*j + 5*n = -2*j - 44. Suppose -2*k = -2*u - k + 102, 110 = 2*u - 5*k. What is the remainder when u is divided by j?
12
Let q = -48 + 64. Let s(k) = 4*k**2. Let p be s(1). Suppose 3*g + 81 = 3*f, -p*g = 3*f - 6*f + 80. What is the remainder when f is divided by q?
12
Suppose 2*d + 0*d = -2*r + 38, 2*d = -8. Let v(i) = 11*i + 243. What is the remainder when v(-16) is divided by r?
21
Suppose 210 + 142 = 2*d. What is the remainder when d is divided by 30?
26
Let c(q) = q**2 - 29*q + 178. Calculate the remainder when c(22) is divided by 15.
9
Let l(d) = 12*d + 4. Let c be l(2). Let u = c + -9. What is the remainder when 74 is divided by u?
17
Let q = 4 + 0. Calculate the remainder when 10 is divided by 6/q*1*2.
1
Let i(k) = 3*k**2 + k - 10 + 5*k**2 - k**3 - 6*k. Calculate the remainder when (-657)/(-81) + 2/(-18) is divided by i(7).
0
Suppose 0 = -34*k + 3*k + 465. Calculate the remainder when 1857 is divided by k.
12
Suppose 3*g - 5*k - 62 = 0, 0 = 3*g - 4*g + 4*k + 30. Suppose 0 = -0*d - d + 4. Let m = d - -1. Calculate the remainder when g is divided by m.
4
Suppose -2*t + 5*l = -523, -7*l + 5*l - 526 = -2*t. Calculate the remainder when t is divided by 21.
12
Suppose z + 1 = -4*q, 3*q = -2*z + 2*q + 19. Let n(y) = 2*y**2 + 8*y + 6. Let d be n(-6). Suppose 2*j = j + d. What is the remainder when j is divided by z?
8
Calculate the remainder when (-10 + 7)*(-123 - -10) is divided by 6.
3
Suppose -38 = -15*c + 1567. What is the remainder when c is divided by 6?
5
Let m(z) = z**3 - 6*z**2 + 5*z + 15. Suppose 0 = -3*y + 2*x + 73, 2*y - 2*x - 50 + 2 = 0. Calculate the remainder when m(7) is divided by y.
24
Let o = -70 - -177. What is the remainder when o is divided by 12?
11
Let l = -59 - -89. Suppose -h + 4*q - q = 0, -5*h = -5*q - l. Suppose 16 = 12*y - 11*y. Calculate the remainder when y is divided by h.
7
Let m be (22/(-4) - 3)*2. Let d = 36 + m. Suppose -7*l + l = -30. What is the remainder when d is divided by l?
4
Let k = -207 + 240. What is the remainder when k is divided by 10?
3
Suppose 0*b + 2*b - 4 = 0. Suppose b*h + h = 243. What is the remainder when h is divided by ((-7)/3)/((-2)/18)?
18
Let l(u) = -2*u**2 - 45*u - 234. Let f(t) = 6*t - 7. Calculate the remainder when f(7) is divided by l(-9).
8
Suppose 0 = i + 15*b - 20*b - 98, 2*b - 6 = 0. Calculate the remainder when 123 is divided by i.
10
Suppose -2*j = 5*z - 342, 0 = -5*z - 3*j - 2*j + 330. Calculate the remainder when z is divided by 29.
12
Suppose -28 = -2*d - 3*x, d - x = 4*d - 35. Let g = 63 - 12. Let w = -21 + g. Calculate the remainder when w is divided by d.
8
Let z be 8/10*(-30)/(-4). Let k be (-4)/z + 33/9. Suppose -3*p - 6*h + h + 27 = 0, 0 = k*p - 5*h + 3. What is the remainder when p is divided by 3?
1
Let p = 156 - 134. Calculate the remainder when 73 is divided by (-6)/24*-12 + p + 0.
23
Let h(q) = -2*q + 7. Let n be h(2). Let f = n - -8. Calculate the remainder when 31 is divided by f.
9
Let q(v) = v**3 + 13*v**2 + 11*v + 2. Let m(z) = -z**3 - 4*z**2 + 3*z. Let g be m(-4). Calculate the remainder when 53 is divided by q(g).
11
Suppose -q - 3*k = -951, -q + 108 + 853 = 5*k. Suppose q = -5*s + 14*s. What is the remainder when s is divided by 35?
34
Let l = 315 - 215. Calculate the remainder when 109 is divided by l.
9
Suppose 20*v - 270 = -7*v. Calculate the remainder when 37 is divided by v.
7
Let w be (1164/18)/(2/15). Suppose d = -3*f + 117, -5*d + 0*d + 5*f = -w. Let h = 176 - d. What is the remainder when h is divided by 19?
17
Let z(f) = 7*f - 31. Let s be z(7). Let m = -6 + s. Calculate the remainder when 23 is divided by m.
11
Let f(v) = 205*v + 2. Let m be f(1). Suppose 0 = 2*h - u - m, 3*h + 2*u = 6*h - 313. What is the remainder when h is divided by 9/6*-2 - -29?
23
Suppose 3*m - 68 = -x, -2*m = -0*m - x - 42. Let z(l) = -l**3 + l**2 + l + 41. What is the remainder when z(0) is divided by m?
19
Suppose 5 = v - 17. Let z = -12 + 21. Suppose -5*l + z + 31 = 0. What is the remainder when v is divided by l?
6
Suppose 7*x = -180 + 852. Suppose -2*f = 4*q - 24, 4 = 2*f + 5*q - 20. Suppose 0 = -f*y + 10*y + x. What is the remainder when y is divided by 25?
23
Let n(s) be the first derivative of -s**4/4 - 10*s**3/3 - s**2 + 19*s + 2. What is the remainder when n(-10) is divided by 10?
9
Let y be ((-4)/4 - -3) + 216/4. Let m = -2 + 6. Suppose 2*w + y = m*w. What is the remainder when 83 is divided by w?
27
Suppose 44